s 16917 prime?
False
Is 113261 a prime number?
False
Is 5779 prime?
True
Is 795743 a prime number?
False
Is 17843 a composite number?
True
Is 27143 composite?
False
Is 3163 a composite number?
False
Is 7817 a composite number?
False
Is 3431 composite?
True
Is 116971 a prime number?
False
Is 654241 composite?
True
Is 1109 a composite number?
False
Is 2903 a composite number?
False
Is 313849 composite?
False
Is 58933 composite?
True
Is 79801 prime?
True
Is 2929 a prime number?
False
Is 9897 prime?
False
Is 79 prime?
True
Is 258563 a composite number?
False
Is 91259 a prime number?
False
Is 17639 prime?
False
Is 223637 prime?
True
Is 45005 prime?
False
Is 1103339 composite?
False
Is 80849 a prime number?
True
Is 203531 prime?
True
Is 4861 a prime number?
True
Is 491903 a composite number?
True
Is 980861 prime?
False
Is 2143803 a prime number?
False
Is 10847 a composite number?
False
Is 24691 a composite number?
False
Is 1361 prime?
True
Is 479 prime?
True
Is 26327 a prime number?
False
Is 207883 a composite number?
True
Is 1017073 a prime number?
False
Is 307 composite?
False
Is 8109397 prime?
True
Is 102991 a prime number?
False
Is 43037 prime?
True
Is 124459 a composite number?
False
Is 86753 a prime number?
True
Is 1009363 composite?
True
Is 1361 prime?
True
Is 1882 a composite number?
True
Is 564193 prime?
False
Is 1821 prime?
False
Is 2099 composite?
False
Is 207869 a prime number?
True
Is 1044673 composite?
True
Is 48179 composite?
False
Is 44633 a composite number?
False
Is 44266 prime?
False
Is 5963 a prime number?
False
Is 9057 prime?
False
Is 335981 prime?
False
Is 256873 a prime number?
True
Is 612707 composite?
True
Is 4201 prime?
True
Is 561773 prime?
False
Is 282841 a composite number?
True
Is 85987 prime?
False
Is 600487 prime?
True
Is 8981 a prime number?
False
Is 4079 composite?
False
Is 4111 composite?
False
Is 2447 prime?
True
Is 23093 a prime number?
False
Is 447311 a prime number?
True
Is 13963 a prime number?
True
Is 13781 a prime number?
True
Is 7039 composite?
False
Is 17585 a prime number?
False
Is 38029 composite?
True
Is 31573 a composite number?
False
Is 3105887 prime?
True
Is 21389 prime?
False
Is 10363 a composite number?
True
Is 9199 composite?
False
Is 3869 composite?
True
Is 58787 prime?
True
Is 7019 prime?
True
Is 227587 prime?
False
Is 222631 a composite number?
True
Is 1523153 prime?
True
Is 3119 a composite number?
False
Is 57457 prime?
True
Is 16439 prime?
False
Is 1088707 composite?
False
Is 24611 a composite number?
False
Is 5953 composite?
False
Is 90043 a prime number?
False
Is 4861 a composite number?
False
Is 5923 composite?
False
Is 68938 composite?
True
Is 12497 a composite number?
False
Is 23143 a prime number?
True
Is 13943 composite?
True
Is 586361 a prime number?
True
Is 80455 a prime number?
False
Is 51067 a composite number?
True
Is 4381 composite?
True
Is 770207 a composite number?
False
Is 521342 a composite number?
True
Is 2018 prime?
False
Is 28318 a composite number?
True
Is 20789 prime?
True
Is 6739 prime?
False
Is 2811 a composite number?
True
Is 1987 a prime number?
True
Is 190487 composite?
True
Is 283369 a prime number?
True
Is 35 a prime number?
False
Is 10223 composite?
False
Is 35341 prime?
False
Is 92749 a composite number?
True
Is 51787 prime?
True
Is 379 composite?
False
Is 301309 a composite number?
True
Is 423479 a prime number?
False
Is 5440053 prime?
False
Is 173593 a prime number?
False
Is 99079 a composite number?
False
Is 606053 a prime number?
False
Is 26342 prime?
False
Is 13123 a composite number?
True
Is 8501 a prime number?
True
Is 29105 prime?
False
Is 34421 composite?
False
Is 6499 prime?
False
Is 14257 a composite number?
True
Is 603149 composite?
False
Is 15877 a prime number?
True
Is 2317 a composite number?
True
Is 234083 a prime number?
True
Is 2929 prime?
False
Is 31907 prime?
True
Is 153251 composite?
True
Is 18923 a composite number?
True
Is 273979 composite?
False
Is 40511 composite?
True
Is 126683 a prime number?
True
Is 879 prime?
False
Is 326903 a composite number?
False
Is 161969 composite?
False
Is 91231 a prime number?
False
Is 1098817 prime?
False
Is 234519 a composite number?
True
Is 1134389 composite?
False
Is 14395 composite?
True
Is 757 a composite number?
False
Is 192197 a composite number?
True
Is 338113 a composite number?
True
Is 11467 composite?
False
Is 2407 a composite number?
True
Is 60709 a composite number?
True
Is 31933 a prime number?
False
Is 4321 prime?
False
Is 61463 composite?
False
Is 3799 prime?
False
Is 8945 prime?
False
Is 79881 a composite number?
True
Is 1361 prime?
True
Is 43237 a prime number?
True
Is 2641567 a prime number?
True
Is 52811 a composite number?
True
Is 1368943 a composite number?
False
Is 7573 prime?
True
Is 1618 a composite number?
True
Is 38953 prime?
True
Is 334 a composite number?
True
Is 10579 prime?
False
Is 9461 prime?
True
Is 35069 a composite number?
False
Is 249521 a composite number?
False
Is 9806 a composite number?
True
Is 9133 composite?
False
Is 22735 a prime number?
False
Is 138461 a prime number?
True
Is 1068279 prime?
False
Is 4327 composite?
False
Is 618097 a composite number?
True
Is 129622 a composite number?
True
Is 205921 prime?
False
Is 400811 composite?
True
Is 18489 a prime number?
False
Is 25087 composite?
False
Is 5857 a composite number?
False
Is 5779 a composite number?
False
Is 22993 a prime number?
True
Is 318097 prime?
False
Is 41381 a composite number?
False
Is 117454 a composite number?
True
Is 215 prime?
False
Is 74149 prime?
True
Is 63823 prime?
True
Is 138865 a composite number?
True
Is 1703 composite?
True
Is 32687 a prime number?
True
Is 25495 a prime number?
False
Is 35951 composite?
False
Is 93787 a prime number?
True
Is 76523 prime?
False
Is 70989 a composite number?
True
Is 360749 composite?
False
Is 6833 prime?
True
Is 177467 prime?
True
Is 167521 a composite number?
False
Is 273403 a composite number?
True
Is 322415 composite?
True
Is 127154 a prime number?
False
Is 510847 prime?
True
Is 1458971 a composite number?
False
Is 38149 a prime number?
True
Is 14141 prime?
False
Is 42335 prime?
False
Is 5599 a prime number?
False
Is 82097 a composite number?
True
Is 4187 prime?
False
Is 58337 a composite number?
False
Is 313415 a prime number?
False
Is 2286397 a prime number?
False
Is 474879 a composite number?
True
Is 38693 a prime number?
True
Is 47451 composite?
True
Is 39203 composite?
True
Is 208657 a prime number?
True
Is 3607 composite?
False
Is 73847 a composite number?
False
Is 653999 composite?
True
Is 452329 prime?
True
Is 6769 composite?
True
Is 185033 composite?
True
Is 26903 a composite number?
False
Is 293 a composite number?
False
Is 154522 a prime number?
False
Is 205297 composite?
False
Is 116621 a composite number?
True
Is 19549 composite?
True
Is 1741 composite?
False
Is 1136813 a composite number?
False
Is 94087 a composite number?
True
Is 27259 a composite number?
False
Is 7711 prime?
False
Is 118849 composite?
True
Is 5779 a prime number?
True
Is 18427 a composite number?
False
Is 15247 a composite number?
True
Is 335605 composite?
True
Is 2517 composite?
True
Is 177209 a prime number?
True
Is 142187 a prime number?
False
Is 233591 composite?
False
Is 4004615 prime?
False
Is 1310891 prime?
True
Is 3989 a prime number?
True
Is 34297 a prime number?
True
Is 90677 a composite number?
False
Is 33691 a composite number?
True
Is 5667 a prime number?
False
Is 162377 composite?
True
Is 763091 a composite number?
True
Is 12671 a composite number?
False
Is 8809 a prime number?
False
Is 470767 a composite number?
True
Is 455233 a composite number?
False
Is 41719 a composite number?
False
Is 1931 a composite number?
False
Is 1728955 a prime number?
False
Is 440327 a composite number?
True
Is 5933 a prime number?
False
Is 595801 prime?
True
Is 876181 prime?
True
Is 6031 composite?
True
Is 10961 prime?
False
Is 3151 prime?
False
Is 98662 a prime number?
False
Is 26627 a prime number?
True
Is 8637 prime?
False
Is 206027 a composite number?
False
Is 196513 a composite number?
True
Is 39441 prime?
False
Is 1349 a prime number?
False
Is 363989 prime?
True
Is 28163 a prime number?
True
Is 50447 prime?
False
Is 10083 composite?
True
Is 4435 prime?
False
Is 443539